{"id":2,"date":"2009-04-03T15:27:58","date_gmt":"2009-04-03T13:27:58","guid":{"rendered":"http:\/\/grillkurse.de\/?page_id=2"},"modified":"2018-05-25T11:21:33","modified_gmt":"2018-05-25T09:21:33","slug":"ueber-mich","status":"publish","type":"page","link":"https:\/\/www.grillweltmeister.de\/?page_id=2","title":{"rendered":"Kontakt"},"content":{"rendered":"<p><strong><span style=\"color: #6f333f;\">Sie haben Fragen zur Seite,<\/span><\/strong> zu unseren Angeboten oder ben\u00f6tigen Informationen? Sie m\u00f6chten einen Kurs f\u00fcr eine Gruppe buchen? Schreiben Sie uns, rufen Sie an oder senden Sie ein Fax. Wir sind gerne f\u00fcr Sie da!<\/p>\n<div id=\"usermessage3a\" class=\"cf_info \"><\/div><form enctype=\"multipart\/form-data\" action=\"\/index.php?rest_route=%2Fwp%2Fv2%2Fpages%2F2#usermessage3a\" method=\"post\" class=\"cform kontakt \" id=\"cforms3form\"><ol class=\"cf-ol\"><li id=\"li-3-1\" class=\"\"><label id=\"label-3-1\" for=\"cf3_field_1\"><span><\/span><\/label><input type=\"text\" name=\"cf3_field_1\" id=\"cf3_field_1\" class=\"single fldrequired\" value=\"Vorname\" onfocus=\"clearField(this)\" onblur=\"setField(this)\" title=\"\"\/><span class=\"reqtxt\">(ben\u00f6tigt)<\/span><\/li><li id=\"li-3-2\" class=\"\"><label id=\"label-3-2\" for=\"cf3_field_2\"><span><\/span><\/label><input type=\"text\" name=\"cf3_field_2\" id=\"cf3_field_2\" class=\"single fldrequired\" value=\"Name\" onfocus=\"clearField(this)\" onblur=\"setField(this)\" title=\"\"\/><span class=\"reqtxt\">(ben\u00f6tigt)<\/span><\/li><li id=\"li-3-3\" class=\"\"><label id=\"label-3-3\" for=\"cf3_field_3\"><span><\/span><\/label><input type=\"text\" name=\"cf3_field_3\" id=\"cf3_field_3\" class=\"single fldemail fldrequired\" value=\"Email\" onfocus=\"clearField(this)\" onblur=\"setField(this)\" title=\"\"\/><span class=\"emailreqtxt\">(ben\u00f6tigt)<\/span><\/li><li id=\"li-3-4\" class=\"\"><label id=\"label-3-4\" for=\"cf3_field_4\"><span><\/span><\/label><input type=\"text\" name=\"cf3_field_4\" id=\"cf3_field_4\" class=\"single\" value=\"Telefonnummer\" onfocus=\"clearField(this)\" onblur=\"setField(this)\" title=\"\"\/><\/li><li id=\"li-3-5\" class=\"\"><label id=\"label-3-5\" for=\"cf3_field_5\"><span>Ihre Mitteilung oder Anfrage:<\/span><\/label><textarea cols=\"30\" rows=\"8\" name=\"cf3_field_5\" id=\"cf3_field_5\" class=\"area\" title=\"\"><\/textarea><\/li><li id=\"li-3-6\" class=\"\"><label id=\"label-3-6\" for=\"cf3_field_6\" class=\"cf-before\"><span>Die Datenschutzerkl\u00e4rung habe ich gelesen:<\/span><\/label><input type=\"checkbox\" name=\"cf3_field_6\" id=\"cf3_field_6\" class=\"cf-box-b fldrequired\" title=\"\"\/><\/li><\/ol><fieldset class=\"cf_hidden\"><legend>&nbsp;<\/legend><input type=\"hidden\" name=\"cf_working3\" id=\"cf_working3\" value=\"<span>Einen moment Bitte..<\/span>\"\/><input type=\"hidden\" name=\"cf_failure3\" id=\"cf_failure3\" value=\"<span>Bitte alle Felder ausf\u00fcllen!<\/span>\"\/><input type=\"hidden\" name=\"cf_customerr3\" id=\"cf_customerr3\" value=\"y\"\/><\/fieldset><p class=\"cf-sb\"><input type=\"submit\" name=\"sendbutton3\" id=\"sendbutton3\" class=\"sendbutton\" value=\"Absenden\" \/><\/p><\/form>\n<p><!--cforms name=\"Kontakt\"--><\/p>\n<p><strong><span style=\"color: #6f333f;\">Organisation und Pressekontakt f\u00fcr die<br \/>\n1. Deutsche Grill- und BBQ-Schule Erfurt:<\/span><\/strong><br \/>\nEOBAN Programmkontor GmbH<br \/>\nVeranstaltungs- und Werbeagentur<br \/>\nRudolst\u00e4dter Stra\u00dfe 167<br \/>\n99098 Erfurt (Urbich)<\/p>\n<p><strong><span style=\"color: #6f333f;\">Ihr Ansprechpartner:<\/span><\/strong><br \/>\nHerr Andreas Br\u00e4uer<br \/>\nFon: 0361 \/ 24 11 6 11<br \/>\nFax: 0361 \/ 24 11 6 22<br \/>\nEmail: <a href=\"mailto:kontor@eoban.de?subject=Grillschule\">kontor@eoban.de<br \/>\n<\/a><\/p>\n<p><span style=\"color: #6f333f;\"><strong>Postanschrift:<\/strong><\/span><br \/>\n1. Deutsche Grill- &amp; BBQ-Schule<br \/>\nRudolst\u00e4dter Stra\u00dfe 167<br \/>\n99098 Erfurt<\/p>\n","protected":false},"excerpt":{"rendered":"<p>Sie haben Fragen zur Seite, zu unseren Angeboten oder ben\u00f6tigen Informationen? Sie m\u00f6chten einen Kurs f\u00fcr eine Gruppe buchen? Schreiben Sie uns, rufen Sie an oder senden Sie ein Fax. Wir sind gerne f\u00fcr Sie da! Organisation und Pressekontakt f\u00fcr die 1. Deutsche Grill- und BBQ-Schule Erfurt: EOBAN Programmkontor GmbH Veranstaltungs- und Werbeagentur Rudolst\u00e4dter Stra\u00dfe [&hellip;]<\/p>\n","protected":false},"author":1,"featured_media":0,"parent":0,"menu_order":9,"comment_status":"closed","ping_status":"open","template":"","meta":[],"_links":{"self":[{"href":"https:\/\/www.grillweltmeister.de\/index.php?rest_route=\/wp\/v2\/pages\/2"}],"collection":[{"href":"https:\/\/www.grillweltmeister.de\/index.php?rest_route=\/wp\/v2\/pages"}],"about":[{"href":"https:\/\/www.grillweltmeister.de\/index.php?rest_route=\/wp\/v2\/types\/page"}],"author":[{"embeddable":true,"href":"https:\/\/www.grillweltmeister.de\/index.php?rest_route=\/wp\/v2\/users\/1"}],"replies":[{"embeddable":true,"href":"https:\/\/www.grillweltmeister.de\/index.php?rest_route=%2Fwp%2Fv2%2Fcomments&post=2"}],"version-history":[{"count":1,"href":"https:\/\/www.grillweltmeister.de\/index.php?rest_route=\/wp\/v2\/pages\/2\/revisions"}],"predecessor-version":[{"id":1364,"href":"https:\/\/www.grillweltmeister.de\/index.php?rest_route=\/wp\/v2\/pages\/2\/revisions\/1364"}],"wp:attachment":[{"href":"https:\/\/www.grillweltmeister.de\/index.php?rest_route=%2Fwp%2Fv2%2Fmedia&parent=2"}],"curies":[{"name":"wp","href":"https:\/\/api.w.org\/{rel}","templated":true}]}}